{"id":648,"date":"2021-06-15T21:17:30","date_gmt":"2021-06-15T21:17:30","guid":{"rendered":"https:\/\/agentiaimpreuna.ml\/putem-mai-mult\/?page_id=648"},"modified":"2023-03-10T13:26:18","modified_gmt":"2023-03-10T13:26:18","slug":"campanii-de-promovare-a-culturii-si-identitatii-romilor","status":"publish","type":"page","link":"https:\/\/www.agentiaimpreuna.ro\/putem-mai-mult\/campanii-de-promovare-a-culturii-si-identitatii-romilor\/","title":{"rendered":"Campanii de promovare a culturii \u0219i identit\u0103\u021bii romilor"},"content":{"rendered":"\n<p><strong>Realizarea Muzeului Virtual al Romilor \u0219i promovarea acestuia<\/strong><\/p>\n\n\n\n<p>De multe ori, istoria noastr\u0103, a str\u0103mo\u0219ilor no\u0219tri, este trecut\u0103 cu vederea, iar faptele de ur\u0103 \u0219i discriminare sunt uitate. Pentru a marca aceast\u0103 perioad\u0103 devastatoare a istoriei (cei 500 de ani de sclavie, Holocaust, deportarea din Transnistria), dar \u0219i de a stabili un pilon pentru viitoarele genera\u021bii, Agen\u021bia \u201e\u00cempreun\u0103\u201d al\u0103turi de partenerii s\u0103i au pus bazele Muzeului Virtual al Culturii Romilor.&nbsp;<\/p>\n\n\n\n<p>Pe 20 februarie, odat\u0103 cu marcarea a 167 de ani de la Dezrobirea romilor \u00een \u021aara Rom\u00e2neasc\u0103, o zi care ne aminte\u0219te de pove\u0219tile, de cele mai multe ori nespuse sau necunoscute, ale str\u0103mo\u0219ilor no\u0219tri romi, ne-am adunat la Casa Oprescu din Bucure\u0219ti, unde a avut loc lansarea primului Muzeu Virtual al Culturii Romilor.<\/p>\n\n\n\n<p>Platforma muzeului este una interactiv\u0103, prin care utilizatorul poate vizita o multitudine de s\u0103li sau spa\u021bii virtuale care reflect\u0103 valorile culturii romani tradi\u021bionale \u0219i moderne.<\/p>\n\n\n\n<p>Elementele istorice care se reg\u0103sesc \u00een colec\u021biile muzeului sunt:<\/p>\n\n\n\n<ul class=\"wp-block-list\">\n<li>istoria tragic\u0103 a romilor din Rom\u00e2nia (Sclavia, Holocaustul, asimilarea cultural\u0103 din perioada regimului socialist, rasismul antirom contemporan);<\/li>\n\n\n\n<li>etnotipul romano ancestral \u0219i procesul de modernizare a acestuia;<\/li>\n\n\n\n<li>Rromanipen-ul \u00een valoare absolut\u0103;<\/li>\n\n\n\n<li>cultura stigmatului internalizat;<\/li>\n\n\n\n<li>procesul istoric de emancipare civic\u0103 \u0219i cultural\u0103 a romilor de dup\u0103 eliberarea din Sclavie \u0219i p\u00e2n\u0103 \u00een prezent;<\/li>\n\n\n\n<li>proiec\u021bia romilor \u00een viitor;<\/li>\n\n\n\n<li>procesul de construire a na\u021biunii romani non-teritoriale \u0219i transfrontaliere.<\/li>\n<\/ul>\n\n\n\n<p>Chiar dac\u0103 este virtual, muzeul ne conduce \u00een timpuri \u00eendep\u0103rtate pentru a \u00een\u021belege mai bine tr\u0103irile \u0219i istoria str\u0103mo\u0219ilor no\u0219tri, dar \u0219i pentru a celebra cultura \u0219i comunitatea noastr\u0103. Cu siguran\u021b\u0103 acest muzeu reprezint\u0103 un pilon \u00een eforturile de conservare a istoriei \u0219i elementelor noastre culturale pentru viitoarele genera\u021bii.<\/p>\n\n\n\n<p>Pentru a promova acest muzeu virtual, al\u0103turi de partenerii no\u0219tri am organizat o serie de campanii de con\u0219tientizare \u0219i caravane culturale \u00een cele 40 de comunit\u0103\u021bi prin care am prezentat informa\u021bii despre istoria comunit\u0103\u021bii noastre, c\u00e2t \u0219i legate de cultura \u0219i identitatea noastr\u0103 cu scopul de a reduce stereotipurile \u0219i prejudec\u0103\u021bile. \u00cen cadrul caravanei s-au organizat \u0219i dezbateri pe diferite teme abordate de muzeu \u0219i s-a prezentat expozi\u021bia cu personalit\u0103\u021bi de etnie rom\u0103.<\/p>\n\n\n\n<p>Aceast\u0103 ini\u021biativ\u0103 nu ar fi fost posibil\u0103 f\u0103r\u0103 ajutorul partenerilor no\u0219tri: Centrul Na\u021bional de Cultur\u0103 a Romilor Romano-Kher, Asocia\u021bia Centrul Rromilor Amare Rromentza, Asocia\u021bia Comunit\u0103\u021bilor Marginalizate, Boto\u0219ani, Asocia\u021bia Romilor din F\u0103g\u0103ra\u0219, Asocia\u021bia DANROM F\u0103urei, Asocia\u021bia Agen\u021bia de Dezvoltare Comunitar\u0103 Buz\u0103u \u0219i Asocia\u021bia Romilor Ursari din Dag\u00e2\u021ba.<\/p>\n\n\n\n<p>Muzeul Virtual al Culturii Romilor poate fi accesat aici: <a href=\"https:\/\/romanomuseum.com\/\" target=\"_blank\" rel=\"noreferrer noopener\">https:\/\/romanomuseum.com\/<\/a><\/p>\n\n\n\n<figure class=\"wp-block-image size-full\"><img loading=\"lazy\" decoding=\"async\" width=\"1024\" height=\"768\" src=\"https:\/\/www.agentiaimpreuna.ro\/putem-mai-mult\/wp-content\/uploads\/2023\/03\/image-14.png\" alt=\"\" class=\"wp-image-1674\" title=\"\" srcset=\"https:\/\/www.agentiaimpreuna.ro\/putem-mai-mult\/wp-content\/uploads\/2023\/03\/image-14.png 1024w, https:\/\/www.agentiaimpreuna.ro\/putem-mai-mult\/wp-content\/uploads\/2023\/03\/image-14-300x225.png 300w, https:\/\/www.agentiaimpreuna.ro\/putem-mai-mult\/wp-content\/uploads\/2023\/03\/image-14-768x576.png 768w, https:\/\/www.agentiaimpreuna.ro\/putem-mai-mult\/wp-content\/uploads\/2023\/03\/image-14-16x12.png 16w\" sizes=\"auto, (max-width: 1024px) 100vw, 1024px\" \/><\/figure>\n\n\n\n<figure class=\"wp-block-image size-full\"><img loading=\"lazy\" decoding=\"async\" width=\"1024\" height=\"768\" src=\"https:\/\/www.agentiaimpreuna.ro\/putem-mai-mult\/wp-content\/uploads\/2023\/03\/image-15.png\" alt=\"\" class=\"wp-image-1675\" title=\"\" srcset=\"https:\/\/www.agentiaimpreuna.ro\/putem-mai-mult\/wp-content\/uploads\/2023\/03\/image-15.png 1024w, https:\/\/www.agentiaimpreuna.ro\/putem-mai-mult\/wp-content\/uploads\/2023\/03\/image-15-300x225.png 300w, https:\/\/www.agentiaimpreuna.ro\/putem-mai-mult\/wp-content\/uploads\/2023\/03\/image-15-768x576.png 768w, https:\/\/www.agentiaimpreuna.ro\/putem-mai-mult\/wp-content\/uploads\/2023\/03\/image-15-16x12.png 16w\" sizes=\"auto, (max-width: 1024px) 100vw, 1024px\" \/><\/figure>\n\n\n\n<p><strong>Organizare de dezbateri pe tema contribu\u021biei culturii \u0219i identit\u0103\u021bii romilor la dezvoltarea Rom\u00e2niei<\/strong><\/p>\n\n\n\n<p>\u00cen cadrul acestei activit\u0103\u021bi, s-au organizat 3 dezbateri \u00een municipiul Bucure\u0219ti pe tema contribu\u021biei romilor la dezvoltarea Rom\u00e2niei. Acestea au avut rolul de a aduce la un loc exper\u021bi, lideri, profesioni\u0219ti, academicieni romi \u0219i neromi pentru a promova schimbarea discursului cu privire la romi, respectiv diminuarea abord\u0103rii romilor ca \u201egrup social\u201d \u0219i r\u0103sp\u00e2ndirea abord\u0103rii romilor ca minoritate na\u021bional\u0103 cu drepturi \u0219i responsabilit\u0103\u021bi.<\/p>\n\n\n\n<p>Temele abordate \u00een cadrul dezbaterilor:<\/p>\n\n\n\n<ul class=\"wp-block-list\">\n<li>Romii ca minoritate na\u021bional\u0103<\/li>\n\n\n\n<li>Promovarea culturii romani<\/li>\n\n\n\n<li>Interculturalitate<\/li>\n\n\n\n<li>Reprezentarea romilor la nivel politic<\/li>\n\n\n\n<li>M\u0103suri de combatere a discrimin\u0103rii \u0219i segreg\u0103rii<\/li>\n<\/ul>\n\n\n\n<p><strong>Promovarea istoriei romilor prin caravane culturale \u00een 40 de comunit\u0103\u021bi<\/strong><\/p>\n\n\n\n<p>\u00cen spa\u021biul public se vorbe\u0219te prea pu\u021bin despre noi, despre cultura, valorile \u0219i tradi\u021biile comunit\u0103\u021bii noastre.&nbsp; Acest lucru ne-a motivat s\u0103 aducem, prin intermediul proiectului \u201ePutem mai mult \u00eempreun\u0103\u201d, aceast\u0103 parte din noi \u00een peste 40 de comunit\u0103\u021bi din jude\u021bele \u00een care lucr\u0103m. \u201eCaravana Cultural\u0103 a Romilor\u201d a poposit \u00een fiecare comunitate, iar partenerii no\u0219tri au vorbit despre istoria \u0219i tradi\u021biile noastre. Pe l\u00e2ng\u0103 materialele prezentate \u0219i discu\u021biile la care au luat parte, elevii \u0219i profesorii au avut ocazia de a viziona \u00een premiere con\u021binutul Muzeului Virtual al Romilor, o ini\u021biativ\u0103 unic\u0103 \u00een lume \u0219i au organizat dezbateri pe diferite teme abordate de muzeu.<\/p>\n\n\n\n<figure class=\"wp-block-image size-large is-resized\"><img loading=\"lazy\" decoding=\"async\" src=\"https:\/\/www.agentiaimpreuna.ro\/putem-mai-mult\/wp-content\/uploads\/2023\/02\/image-3-1024x461.png\" alt=\"\" class=\"wp-image-1584\" width=\"1026\" height=\"462\" title=\"\" srcset=\"https:\/\/www.agentiaimpreuna.ro\/putem-mai-mult\/wp-content\/uploads\/2023\/02\/image-3-1024x461.png 1024w, https:\/\/www.agentiaimpreuna.ro\/putem-mai-mult\/wp-content\/uploads\/2023\/02\/image-3-300x135.png 300w, https:\/\/www.agentiaimpreuna.ro\/putem-mai-mult\/wp-content\/uploads\/2023\/02\/image-3-768x346.png 768w, https:\/\/www.agentiaimpreuna.ro\/putem-mai-mult\/wp-content\/uploads\/2023\/02\/image-3-18x8.png 18w, https:\/\/www.agentiaimpreuna.ro\/putem-mai-mult\/wp-content\/uploads\/2023\/02\/image-3.png 1536w\" sizes=\"auto, (max-width: 1026px) 100vw, 1026px\" \/><\/figure>\n\n\n\n<figure class=\"wp-block-image size-large\"><img loading=\"lazy\" decoding=\"async\" width=\"1024\" height=\"461\" src=\"https:\/\/www.agentiaimpreuna.ro\/putem-mai-mult\/wp-content\/uploads\/2023\/02\/image-4-1024x461.png\" alt=\"\" class=\"wp-image-1585\" title=\"\" srcset=\"https:\/\/www.agentiaimpreuna.ro\/putem-mai-mult\/wp-content\/uploads\/2023\/02\/image-4-1024x461.png 1024w, https:\/\/www.agentiaimpreuna.ro\/putem-mai-mult\/wp-content\/uploads\/2023\/02\/image-4-300x135.png 300w, https:\/\/www.agentiaimpreuna.ro\/putem-mai-mult\/wp-content\/uploads\/2023\/02\/image-4-768x346.png 768w, https:\/\/www.agentiaimpreuna.ro\/putem-mai-mult\/wp-content\/uploads\/2023\/02\/image-4-18x8.png 18w, https:\/\/www.agentiaimpreuna.ro\/putem-mai-mult\/wp-content\/uploads\/2023\/02\/image-4.png 1422w\" sizes=\"auto, (max-width: 1024px) 100vw, 1024px\" \/><\/figure>\n\n\n\n<figure class=\"wp-block-image size-large\"><img loading=\"lazy\" decoding=\"async\" width=\"1024\" height=\"461\" src=\"https:\/\/www.agentiaimpreuna.ro\/putem-mai-mult\/wp-content\/uploads\/2023\/02\/image-5-1024x461.png\" alt=\"\" class=\"wp-image-1586\" title=\"\" srcset=\"https:\/\/www.agentiaimpreuna.ro\/putem-mai-mult\/wp-content\/uploads\/2023\/02\/image-5-1024x461.png 1024w, https:\/\/www.agentiaimpreuna.ro\/putem-mai-mult\/wp-content\/uploads\/2023\/02\/image-5-300x135.png 300w, https:\/\/www.agentiaimpreuna.ro\/putem-mai-mult\/wp-content\/uploads\/2023\/02\/image-5-768x346.png 768w, https:\/\/www.agentiaimpreuna.ro\/putem-mai-mult\/wp-content\/uploads\/2023\/02\/image-5-18x8.png 18w, https:\/\/www.agentiaimpreuna.ro\/putem-mai-mult\/wp-content\/uploads\/2023\/02\/image-5.png 1536w\" sizes=\"auto, (max-width: 1024px) 100vw, 1024px\" \/><\/figure>\n\n\n\n<p><strong>Dezbateri publice pentru influen\u021barea politicilor publice<\/strong><\/p>\n\n\n\n<p>Dezbaterile reprezint\u0103 un pilon important al unei societ\u0103\u021bi democratice \u0219i al dezvolt\u0103rii sustenabile. \u00cen cadrul acestei p\u0103r\u021bi al proiectului nostru, \u201ePutem mai mult \u00cempreun\u0103\u201d au avut loc o serie de \u00eent\u00e2lniri la nivel jude\u021bean ce s-au desf\u0103\u0219urat \u00een ultimele luni, \u00een cadrul c\u0103rora s-au dezb\u0103tut nevoile comunit\u0103\u021bilor de romi \u0219i solu\u021biile pentru ca acestea s\u0103 fie adresate inclusiv prin intermediul documentelor strategice de la nivel jude\u021bean \u0219i\/ sau regional.<\/p>\n\n\n\n<p><strong>Evenimentele de \u00eenchidere a proiectului<\/strong><\/p>\n\n\n\n<p>Acum, la final de proiect au avut loc o serie de conferin\u021be la nivelul fiec\u0103rui jude\u021b \u00een care a fost implementat proiectul \u201ePutem mai mult \u00cempreun\u0103\u201d. \u00cen cadrul acestor \u00eent\u00e2lniri, actori implica\u021bi \u00een implementarea ac\u021biunilor s-au \u00eentrunit pentru a \u00eemp\u0103rt\u0103\u0219i rezultatele la nivel de comunitate precum \u0219i ale fiec\u0103ruia, exemple de bune practici \u0219i feedback. Nelipsite au fost \u0219i sesiunile de debriefing \u00een care s-au adus \u00een care s-au discutat \u0219i anumitele puncte ce pot fi \u00eembun\u0103t\u0103\u021bite la nivel comunitar.<\/p>\n\n\n\n<p>Doar \u00eempreun\u0103 cu efortul fiec\u0103ruia putem aduce o schimbare la nivel comunit\u0103\u021bilor noastre pentru a cl\u0103di un viitor incluziv \u0219i prietenos cu fiecare!<\/p>\n\n\n\n<figure class=\"wp-block-image size-large\"><img loading=\"lazy\" decoding=\"async\" width=\"1024\" height=\"461\" src=\"https:\/\/www.agentiaimpreuna.ro\/putem-mai-mult\/wp-content\/uploads\/2023\/03\/image-13-1024x461.png\" alt=\"\" class=\"wp-image-1671\" title=\"\" srcset=\"https:\/\/www.agentiaimpreuna.ro\/putem-mai-mult\/wp-content\/uploads\/2023\/03\/image-13-1024x461.png 1024w, https:\/\/www.agentiaimpreuna.ro\/putem-mai-mult\/wp-content\/uploads\/2023\/03\/image-13-300x135.png 300w, https:\/\/www.agentiaimpreuna.ro\/putem-mai-mult\/wp-content\/uploads\/2023\/03\/image-13-768x346.png 768w, https:\/\/www.agentiaimpreuna.ro\/putem-mai-mult\/wp-content\/uploads\/2023\/03\/image-13-18x8.png 18w, https:\/\/www.agentiaimpreuna.ro\/putem-mai-mult\/wp-content\/uploads\/2023\/03\/image-13.png 1536w\" sizes=\"auto, (max-width: 1024px) 100vw, 1024px\" \/><\/figure>\n","protected":false},"excerpt":{"rendered":"<p>Realizarea Muzeului Virtual al Romilor \u0219i promovarea acestuia De multe ori, istoria noastr\u0103, a str\u0103mo\u0219ilor no\u0219tri, este trecut\u0103 cu vederea, iar faptele de ur\u0103 \u0219i discriminare sunt uitate. Pentru a marca aceast\u0103 perioad\u0103 devastatoare a istoriei (cei 500 de ani de sclavie, Holocaust, deportarea din Transnistria), dar \u0219i de a stabili un pilon pentru viitoarele genera\u021bii, Agen\u021bia \u201e\u00cempreun\u0103\u201d al\u0103turi de partenerii s\u0103i au pus bazele Muzeului Virtual al Culturii Romilor.&nbsp; Pe 20 februarie, odat\u0103 cu marcarea a 167 de ani de la Dezrobirea romilor \u00een \u021aara Rom\u00e2neasc\u0103, o zi care ne aminte\u0219te de pove\u0219tile, de cele mai multe ori nespuse\u2026<\/p>\n","protected":false},"author":1,"featured_media":714,"parent":0,"menu_order":0,"comment_status":"closed","ping_status":"closed","template":"","meta":{"footnotes":""},"class_list":["post-648","page","type-page","status-publish","has-post-thumbnail","hentry"],"blocksy_meta":{"styles_descriptor":{"styles":{"desktop":"","tablet":"","mobile":""},"google_fonts":[]}},"featured_image_urls_v2":{"full":["https:\/\/www.agentiaimpreuna.ro\/putem-mai-mult\/wp-content\/uploads\/2020\/07\/diverseboisandgirls.jpeg",2250,1500,false],"thumbnail":["https:\/\/www.agentiaimpreuna.ro\/putem-mai-mult\/wp-content\/uploads\/2020\/07\/diverseboisandgirls-150x150.jpeg",150,150,true],"medium":["https:\/\/www.agentiaimpreuna.ro\/putem-mai-mult\/wp-content\/uploads\/2020\/07\/diverseboisandgirls-300x200.jpeg",300,200,true],"medium_large":["https:\/\/www.agentiaimpreuna.ro\/putem-mai-mult\/wp-content\/uploads\/2020\/07\/diverseboisandgirls-768x512.jpeg",768,512,true],"large":["https:\/\/www.agentiaimpreuna.ro\/putem-mai-mult\/wp-content\/uploads\/2020\/07\/diverseboisandgirls-1024x683.jpeg",1024,683,true],"1536x1536":["https:\/\/www.agentiaimpreuna.ro\/putem-mai-mult\/wp-content\/uploads\/2020\/07\/diverseboisandgirls-1536x1024.jpeg",1536,1024,true],"2048x2048":["https:\/\/www.agentiaimpreuna.ro\/putem-mai-mult\/wp-content\/uploads\/2020\/07\/diverseboisandgirls-2048x1365.jpeg",2048,1365,true],"trp-custom-language-flag":["https:\/\/www.agentiaimpreuna.ro\/putem-mai-mult\/wp-content\/uploads\/2020\/07\/diverseboisandgirls.jpeg",18,12,false]},"post_excerpt_stackable_v2":"<p>Realizarea Muzeului Virtual al Romilor \u0219i promovarea acestuia De multe ori, istoria noastr\u0103, a str\u0103mo\u0219ilor no\u0219tri, este trecut\u0103 cu vederea, iar faptele de ur\u0103 \u0219i discriminare sunt uitate. Pentru a marca aceast\u0103 perioad\u0103 devastatoare a istoriei (cei 500 de ani de sclavie, Holocaust, deportarea din Transnistria), dar \u0219i de a stabili un pilon pentru viitoarele genera\u021bii, Agen\u021bia \u201e\u00cempreun\u0103\u201d al\u0103turi de partenerii s\u0103i au pus bazele Muzeului Virtual al Culturii Romilor.&nbsp; Pe 20 februarie, odat\u0103 cu marcarea a 167 de ani de la Dezrobirea romilor \u00een \u021aara Rom\u00e2neasc\u0103, o zi care ne aminte\u0219te de pove\u0219tile, de cele mai multe ori nespuse&hellip;<\/p>\n","category_list_v2":"","author_info_v2":{"name":"agenadmin","url":"https:\/\/www.agentiaimpreuna.ro\/putem-mai-mult\/author\/agenadmin\/"},"comments_num_v2":"0 comments","_links":{"self":[{"href":"https:\/\/www.agentiaimpreuna.ro\/putem-mai-mult\/wp-json\/wp\/v2\/pages\/648","targetHints":{"allow":["GET"]}}],"collection":[{"href":"https:\/\/www.agentiaimpreuna.ro\/putem-mai-mult\/wp-json\/wp\/v2\/pages"}],"about":[{"href":"https:\/\/www.agentiaimpreuna.ro\/putem-mai-mult\/wp-json\/wp\/v2\/types\/page"}],"author":[{"embeddable":true,"href":"https:\/\/www.agentiaimpreuna.ro\/putem-mai-mult\/wp-json\/wp\/v2\/users\/1"}],"replies":[{"embeddable":true,"href":"https:\/\/www.agentiaimpreuna.ro\/putem-mai-mult\/wp-json\/wp\/v2\/comments?post=648"}],"version-history":[{"count":7,"href":"https:\/\/www.agentiaimpreuna.ro\/putem-mai-mult\/wp-json\/wp\/v2\/pages\/648\/revisions"}],"predecessor-version":[{"id":1676,"href":"https:\/\/www.agentiaimpreuna.ro\/putem-mai-mult\/wp-json\/wp\/v2\/pages\/648\/revisions\/1676"}],"wp:featuredmedia":[{"embeddable":true,"href":"https:\/\/www.agentiaimpreuna.ro\/putem-mai-mult\/wp-json\/wp\/v2\/media\/714"}],"wp:attachment":[{"href":"https:\/\/www.agentiaimpreuna.ro\/putem-mai-mult\/wp-json\/wp\/v2\/media?parent=648"}],"curies":[{"name":"wp","href":"https:\/\/api.w.org\/{rel}","templated":true}]}}