{"id":620,"date":"2021-06-15T19:28:13","date_gmt":"2021-06-15T19:28:13","guid":{"rendered":"https:\/\/agentiaimpreuna.ml\/putem-mai-mult\/?page_id=620"},"modified":"2021-10-07T10:31:55","modified_gmt":"2021-10-07T10:31:55","slug":"gdpr","status":"publish","type":"page","link":"https:\/\/www.agentiaimpreuna.ro\/putem-mai-mult\/en\/gdpr\/","title":{"rendered":"GDPR"},"content":{"rendered":"<div class=\"wp-block-ugb-spacer ugb-spacer ugb-729fbbf ugb-spacer--v2 ugb-main-block\"><style>@media screen and (min-width:768px){.ugb-729fbbf.ugb-spacer{height:100px !important}}<\/style><div class=\"ugb-inner-block\"><div class=\"ugb-block-content\"><div class=\"ugb-spacer--inner\"><\/div><\/div><\/div><\/div>\n\n\n\n<p>Agen\u0163ia de Dezvoltare Comunitar\u0103 \u201c\u00cempreun\u0103\u201d a stabilit m\u0103suri tehnice \u0219i opera\u021bionale \u00een vederea protej\u0103rii datelor cu caracter personal. Prevenim accesul, utilizarea sau transferul neautorizat, precum \u0219i orice alt\u0103 modalitate de \u00eenc\u0103lcare a securit\u0103\u021bii datelor cu caracter personal, \u00een conformitate cu prevederile Regulamentului (UE) 2016\/679.<br><\/p>\n\n\n\n<p>\u00cen raportul de colaborare cu noi, ave\u021bi obliga\u021bia de a respecta \u00een egal\u0103 m\u0103sur\u0103 prevederile <a rel=\"noreferrer noopener\" href=\"https:\/\/eur-lex.europa.eu\/legal-content\/RO\/TXT\/PDF\/?uri=CELEX:32016R0679&amp;from=EL\" target=\"_blank\">Regulamentului (UE) 2016\/679.<\/a><\/p>\n\n\n\n<p>Pentru mai multe informa\u021bii referitor la gestionarea datele cu caracter personal de c\u0103tre Agen\u021bia &#8222;\u00cempreun\u0103&#8221;, v\u0103 rugam vede\u021bi \u0219i sec\u021biunile aferente de pe paginile <a href=\"https:\/\/www.agentiaimpreuna.ro\/putem-mai-mult\/en\/termeni-si-conditii\/\">Terms and Conditions<\/a>, c\u00e2t \u0219i <a href=\"https:\/\/www.agentiaimpreuna.ro\/putem-mai-mult\/en\/politici-de-confidentialitate\/\">Privacy Policy<\/a><\/p>\n\n\n\n<div class=\"wp-block-ugb-spacer ugb-spacer ugb-e4b34e1 ugb-spacer--v2 ugb-main-block\"><style>@media screen and (min-width:768px){.ugb-e4b34e1.ugb-spacer{height:100px !important}}<\/style><div class=\"ugb-inner-block\"><div class=\"ugb-block-content\"><div class=\"ugb-spacer--inner\"><\/div><\/div><\/div><\/div>\n\n\n\n<p><\/p>","protected":false},"excerpt":{"rendered":"<p>Agen\u0163ia de Dezvoltare Comunitar\u0103 \u201c\u00cempreun\u0103\u201d a stabilit m\u0103suri tehnice \u0219i opera\u021bionale \u00een vederea protej\u0103rii datelor cu caracter personal. Prevenim accesul, utilizarea sau transferul neautorizat, precum \u0219i orice alt\u0103 modalitate de \u00eenc\u0103lcare a securit\u0103\u021bii datelor cu caracter personal, \u00een conformitate cu prevederile Regulamentului (UE) 2016\/679. \u00cen raportul de colaborare cu noi, ave\u021bi obliga\u021bia de a respecta \u00een egal\u0103 m\u0103sur\u0103 prevederile Regulamentului (UE) 2016\/679. Pentru mai multe informa\u021bii referitor la gestionarea datele cu caracter personal de c\u0103tre Agen\u021bia &#8222;\u00cempreun\u0103&#8221;, v\u0103 rugam vede\u021bi \u0219i sec\u021biunile aferente de pe paginile Termeni \u0219i Condi\u021bii, c\u00e2t \u0219i Politici de Confiden\u021bialitate<\/p>","protected":false},"author":1,"featured_media":0,"parent":0,"menu_order":0,"comment_status":"closed","ping_status":"closed","template":"","meta":{"footnotes":""},"class_list":["post-620","page","type-page","status-publish","hentry"],"blocksy_meta":{"styles_descriptor":{"styles":{"desktop":"","tablet":"","mobile":""},"google_fonts":[]}},"featured_image_urls_v2":{"full":"","thumbnail":"","medium":"","medium_large":"","large":"","1536x1536":"","2048x2048":"","trp-custom-language-flag":""},"post_excerpt_stackable_v2":"<p>Agen\u0163ia de Dezvoltare Comunitar\u0103 \u201c\u00cempreun\u0103\u201d a stabilit m\u0103suri tehnice \u0219i opera\u021bionale \u00een vederea protej\u0103rii datelor cu caracter personal. Prevenim accesul, utilizarea sau transferul neautorizat, precum \u0219i orice alt\u0103 modalitate de \u00eenc\u0103lcare a securit\u0103\u021bii datelor cu caracter personal, \u00een conformitate cu prevederile Regulamentului (UE) 2016\/679. \u00cen raportul de colaborare cu noi, ave\u021bi obliga\u021bia de a respecta \u00een egal\u0103 m\u0103sur\u0103 prevederile Regulamentului (UE) 2016\/679. Pentru mai multe informa\u021bii referitor la gestionarea datele cu caracter personal de c\u0103tre Agen\u021bia &#8222;\u00cempreun\u0103&#8221;, v\u0103 rugam vede\u021bi \u0219i sec\u021biunile aferente de pe paginile Termeni \u0219i Condi\u021bii, c\u00e2t \u0219i Politici de Confiden\u021bialitate<\/p>\n","category_list_v2":"","author_info_v2":{"name":"agenadmin","url":"https:\/\/www.agentiaimpreuna.ro\/putem-mai-mult\/en\/author\/agenadmin\/"},"comments_num_v2":"0 comments","_links":{"self":[{"href":"https:\/\/www.agentiaimpreuna.ro\/putem-mai-mult\/en\/wp-json\/wp\/v2\/pages\/620","targetHints":{"allow":["GET"]}}],"collection":[{"href":"https:\/\/www.agentiaimpreuna.ro\/putem-mai-mult\/en\/wp-json\/wp\/v2\/pages"}],"about":[{"href":"https:\/\/www.agentiaimpreuna.ro\/putem-mai-mult\/en\/wp-json\/wp\/v2\/types\/page"}],"author":[{"embeddable":true,"href":"https:\/\/www.agentiaimpreuna.ro\/putem-mai-mult\/en\/wp-json\/wp\/v2\/users\/1"}],"replies":[{"embeddable":true,"href":"https:\/\/www.agentiaimpreuna.ro\/putem-mai-mult\/en\/wp-json\/wp\/v2\/comments?post=620"}],"version-history":[{"count":1,"href":"https:\/\/www.agentiaimpreuna.ro\/putem-mai-mult\/en\/wp-json\/wp\/v2\/pages\/620\/revisions"}],"predecessor-version":[{"id":1119,"href":"https:\/\/www.agentiaimpreuna.ro\/putem-mai-mult\/en\/wp-json\/wp\/v2\/pages\/620\/revisions\/1119"}],"wp:attachment":[{"href":"https:\/\/www.agentiaimpreuna.ro\/putem-mai-mult\/en\/wp-json\/wp\/v2\/media?parent=620"}],"curies":[{"name":"wp","href":"https:\/\/api.w.org\/{rel}","templated":true}]}}

<div class="wp-block-ugb-spacer ugb-spacer ugb-729fbbf ugb-spacer--v2 ugb-main-block"><style>@media screen and (min-width:768px){.ugb-729fbbf.ugb-spacer{height:100px !important}}</style><div class="ugb-inner-block"><div class="ugb-block-content"><div class="ugb-spacer--inner"></div></div></div></div>



<p>Agenţia de Dezvoltare Comunitară “Împreună” a stabilit măsuri tehnice și operaționale în vederea protejării datelor cu caracter personal. Prevenim accesul, utilizarea sau transferul neautorizat, precum și orice altă modalitate de încălcare a securității datelor cu caracter personal, în conformitate cu prevederile Regulamentului (UE) 2016/679.<br></p>



<p>În raportul de colaborare cu noi, aveți obligația de a respecta în egală măsură prevederile <a rel="noreferrer noopener" href="https://eur-lex.europa.eu/legal-content/RO/TXT/PDF/?uri=CELEX:32016R0679&amp;from=EL" target="_blank">Regulamentului (UE) 2016/679.</a></p>



<p>Pentru mai multe informații referitor la gestionarea datele cu caracter personal de către Agenția &#8222;Împreună&#8221;, vă rugam vedeți și secțiunile aferente de pe paginile <a href="https://www.agentiaimpreuna.ro/putem-mai-mult/en/termeni-si-conditii/">Terms and Conditions</a>, cât și <a href="https://www.agentiaimpreuna.ro/putem-mai-mult/en/politici-de-confidentialitate/">Privacy Policy</a></p>



<div class="wp-block-ugb-spacer ugb-spacer ugb-e4b34e1 ugb-spacer--v2 ugb-main-block"><style>@media screen and (min-width:768px){.ugb-e4b34e1.ugb-spacer{height:100px !important}}</style><div class="ugb-inner-block"><div class="ugb-block-content"><div class="ugb-spacer--inner"></div></div></div></div>



<p></p>

<p>Agenţia de Dezvoltare Comunitară “Împreună” a stabilit măsuri tehnice și operaționale în vederea protejării datelor cu caracter personal. Prevenim accesul, utilizarea sau transferul neautorizat, precum și orice altă modalitate de încălcare a securității datelor cu caracter personal, în conformitate cu prevederile Regulamentului (UE) 2016/679. În raportul de colaborare cu noi, aveți obligația de a respecta în egală măsură prevederile Regulamentului (UE) 2016/679. Pentru mai multe informații referitor la gestionarea datele cu caracter personal de către Agenția &#8222;Împreună&#8221;, vă rugam vedeți și secțiunile aferente de pe paginile Termeni și Condiții, cât și Politici de Confidențialitate</p>
