{"id":841,"date":"2022-04-06T12:03:20","date_gmt":"2022-04-06T12:03:20","guid":{"rendered":"https:\/\/www.agentiaimpreuna.ro\/invatamant-universitar-incluziv\/?page_id=841"},"modified":"2022-04-07T20:10:53","modified_gmt":"2022-04-07T20:10:53","slug":"plan-cadru-de-reforma-pentru-reducerea-decalajelor-dintre-romi-sineromi-la-nivel-universitar","status":"publish","type":"page","link":"https:\/\/www.agentiaimpreuna.ro\/invatamant-universitar-incluziv\/plan-cadru-de-reforma-pentru-reducerea-decalajelor-dintre-romi-sineromi-la-nivel-universitar\/","title":{"rendered":"Plan cadru de reform\u0103 pentru reducerea decalajelor dintre romi \u0219i neromi la nivel universitar"},"content":{"rendered":"\n<div class=\"wp-block-stackable-columns alignfull stk-block-columns stk-block stk-52f0d10 stk-block-background stk--has-background-overlay\" data-block-id=\"52f0d10\"><style>.stk-52f0d10{background-color:#0a0806 !important;background-image:url(https:\/\/www.agentiaimpreuna.ro\/invatamant-universitar-incluziv\/wp-content\/uploads\/2022\/04\/Plan-cadru-de-reforma-pentru-reducerea-decalajelor-dintre-romi-si-neromi-la-nivel-universitar-scaled.jpg) !important;background-position:center right !important}.stk-52f0d10:before{background-color:#0a0806 !important;opacity:0.7 !important}.stk-52f0d10{padding-top:200px !important;padding-bottom:150px !important;margin-bottom:0px !important}@media screen and (max-width:999px){.stk-52f0d10{padding-top:200px !important;padding-bottom:150px !important}}<\/style><div class=\"stk-row stk-inner-blocks stk-block-content stk-content-align stk-52f0d10-column alignwide\">\n<div class=\"wp-block-stackable-column stk-block-column stk-column stk-block stk-76c1e59\" data-block-id=\"76c1e59\"><div class=\"stk-column-wrapper stk-block-column__content stk-container stk-76c1e59-container stk--no-background stk--no-padding\"><div class=\"stk-block-content stk-inner-blocks\">\n<div class=\"wp-block-stackable-heading stk-block-heading stk-block stk-afeea05\" id=\"plan-cadru-de-reforma-pentru-reducerea-decalajelor-dintre-romi-\u0219i-neromi-la-nivel-universitar\" data-block-id=\"afeea05\"><style>.stk-afeea05{margin-bottom:15px !important}.stk-afeea05 .stk-block-heading__text{font-size:50px !important;color:var(--paletteColor8,#ffffff) !important}@media screen and (max-width:999px){.stk-afeea05 .stk-block-heading__text{font-size:35px !important}}<\/style><h2 class=\"stk-block-heading__text has-text-color has-palette-color-8-color has-text-align-center\">Plan cadru de reform\u0103 pentru reducerea decalajelor dintre romi \u0219i neromi la nivel universitar<\/h2><\/div>\n<\/div><\/div><\/div>\n<\/div><\/div>\n\n\n\n<div class=\"wp-block-stackable-spacer stk-block-spacer stk--no-padding stk-block stk-bccd798\" data-block-id=\"bccd798\"><style>.stk-bccd798{height:50px !important}@media screen and (max-width:999px){.stk-bccd798{height:70px !important}}<\/style><\/div>\n\n\n\n<p>Se va realiza un plan cadru de reform\u0103 pentru \u00eembun\u0103t\u0103\u021birea accesului romilor \u00een \u00eenv\u0103\u021b\u0103m\u00e2ntul universitar \u0219i reducerea decalajelor, pornind de la concluziile studiului de evaluare a m\u0103surii afirmative.<\/p>\n\n\n\n<p>Acesta va con\u021bine recomand\u0103ri specifice pentru \u00eembun\u0103t\u0103\u021birea eficien\u021bei m\u0103surii de alocare a locurilor pentru romi, dar \u0219i m\u0103suri complementare de sprijin a incluziunii romilor.<\/p>\n\n\n\n<p>M\u0103surile complementare vor viza trei grupuri \u021bint\u0103:<\/p>\n\n\n\n<ul class=\"wp-block-list\"><li><strong>studen\u021bi romi<\/strong> \u2013 activit\u0103\u021bi extracurriculare de cre\u0219tere a stimei de sine \u0219i a abilit\u0103\u021bilor de participare, activit\u0103\u021bi formale de promovare, interculturalitate;<\/li><li><strong>studen\u021bi neromi<\/strong> \u2013 activit\u0103\u021bi formale\/ cursuri op\u021bionale de promovare a diversit\u0103\u021bii \u0219i interculturalit\u0103\u021bii;<\/li><li><strong>cadre didactice<\/strong> \u2013 \u00eembun\u0103t\u0103\u021birea form\u0103rii pe teme ce \u021bin de incluziune, interculturalitate ori diversitate.<\/li><\/ul>\n\n\n\n<p>M\u0103surile complementare de sprijinire a incluziunii romilor la nivel universitar vor fi consultate cu cei 500 de studen\u021bii care apar\u021bin grupurilor vulnerabile. Consultarea se va realiza prin intermediul unor platforme online (spre exemplu, Google Forms) \u2013 discu\u021bii, dezbateri, feedback pe materiale propuse de c\u0103tre exper\u021bi.<\/p>\n\n\n\n<p>Pe baza feedback-ului primit \u00een urma consult\u0103rilor cu cei 500 de studen\u021bi, se va realiza un raport, iar documentele \u0219i propunerile vor fi modificate \u00een acord cu feedback-ul venit din partea studen\u021bilor.<\/p>\n\n\n\n<figure class=\"wp-block-video\"><video height=\"788\" style=\"aspect-ratio: 940 \/ 788;\" width=\"940\" controls poster=\"https:\/\/www.agentiaimpreuna.ro\/invatamant-universitar-incluziv\/wp-content\/uploads\/2022\/04\/poster_image_Plan-cadru-de-reforma.png\" src=\"https:\/\/www.agentiaimpreuna.ro\/invatamant-universitar-incluziv\/wp-content\/uploads\/2022\/04\/2.-Plan-cadru-de-reforma\u0306-pentru-reducerea-decalajelor-dintre-romi-s\u0326i-neromi-la-nivel-universitar.mp4\"><\/video><\/figure>\n\n\n\n<div class=\"wp-block-stackable-spacer stk-block-spacer stk--no-padding stk-block stk-0f69dbf\" data-block-id=\"0f69dbf\"><style>.stk-0f69dbf{height:50px !important}@media screen and (max-width:999px){.stk-0f69dbf{height:70px !important}}<\/style><\/div>\n","protected":false},"excerpt":{"rendered":"<p>Plan cadru de reform\u0103 pentru reducerea decalajelor dintre romi \u0219i neromi la nivel universitar Se va realiza un plan cadru de reform\u0103 pentru \u00eembun\u0103t\u0103\u021birea accesului romilor \u00een \u00eenv\u0103\u021b\u0103m\u00e2ntul universitar \u0219i reducerea decalajelor, pornind de la concluziile studiului de evaluare a m\u0103surii afirmative. Acesta va con\u021bine recomand\u0103ri specifice pentru \u00eembun\u0103t\u0103\u021birea eficien\u021bei m\u0103surii de alocare a locurilor pentru romi, dar \u0219i m\u0103suri complementare de sprijin a incluziunii romilor. M\u0103surile complementare vor viza trei grupuri \u021bint\u0103: studen\u021bi romi \u2013 activit\u0103\u021bi extracurriculare de cre\u0219tere a stimei de sine \u0219i a abilit\u0103\u021bilor de participare, activit\u0103\u021bi formale de promovare, interculturalitate; studen\u021bi neromi \u2013 activit\u0103\u021bi formale\/ cursuri\u2026<\/p>\n","protected":false},"author":1,"featured_media":0,"parent":0,"menu_order":0,"comment_status":"closed","ping_status":"closed","template":"","meta":{"footnotes":""},"class_list":["post-841","page","type-page","status-publish","hentry"],"blocksy_meta":{"page_title_panel":"","has_hero_section":"disabled","002dcf0c97b0c5805b8b3d68c99c1b3f":"","hero_section":"type-1","hero_elements":[{"id":"custom_title","enabled":true,"heading_tag":"h1","title":"Home"},{"id":"custom_description","enabled":true,"description_visibility":{"desktop":true,"tablet":true,"mobile":false}},{"id":"custom_meta","enabled":false,"meta_elements":[{"id":"author","enabled":true,"label":"By","has_author_avatar":"yes","avatar_size":25},{"id":"post_date","enabled":true,"label":"On","date_format_source":"default","date_format":"M j, Y"},{"id":"updated_date","enabled":false,"label":"On","date_format_source":"default","date_format":"M j, Y"},{"id":"categories","enabled":false,"label":"In","style":"simple"},{"id":"comments","enabled":true}],"page_meta_elements":{"joined":true,"articles_count":true,"comments":true}},{"id":"breadcrumbs","enabled":false}],"a54389dafdb448abd5d3877dce80d899":"","hero_alignment1":"CT_CSS_SKIP_RULE","hero_margin":40,"hero_alignment2":"center","hero_vertical_alignment":"center","ff23bf01428925398b89dbc1efcea8ee":"","hero_structure":"narrow","5646e604e2e682cbebcb63d65c192fea":"","page_title_bg_type":"featured_image","custom_hero_background":{"attachment_id":null},"page_title_image_size":"full","parallax":{"desktop":false,"tablet":false,"mobile":false},"489db3f25dfedf0479486a2658dce332":"","hero_height":"250px","pageTitleFont":{"family":"Default","variation":"Default","size":"30px","line-height":"CT_CSS_SKIP_RULE","letter-spacing":"CT_CSS_SKIP_RULE","text-transform":"CT_CSS_SKIP_RULE","text-decoration":"CT_CSS_SKIP_RULE"},"pageTitleFontColor":{"default":{"color":"CT_CSS_SKIP_RULEDEFAULT"}},"pageMetaFont":{"family":"Default","variation":"n6","size":"12px","line-height":"1.3","letter-spacing":"CT_CSS_SKIP_RULE","text-transform":"uppercase","text-decoration":"CT_CSS_SKIP_RULE"},"pageMetaFontColor":{"default":{"color":"CT_CSS_SKIP_RULEDEFAULT"},"hover":{"color":"CT_CSS_SKIP_RULEDEFAULT"}},"page_meta_button_type_font_colors":{"default":{"color":"CT_CSS_SKIP_RULEDEFAULT"},"hover":{"color":"CT_CSS_SKIP_RULEDEFAULT"}},"page_meta_button_type_background_colors":{"default":{"color":"CT_CSS_SKIP_RULEDEFAULT"},"hover":{"color":"CT_CSS_SKIP_RULEDEFAULT"}},"pageExcerptFont":{"family":"Default","variation":"Default","size":"CT_CSS_SKIP_RULE","line-height":"CT_CSS_SKIP_RULE","letter-spacing":"CT_CSS_SKIP_RULE","text-transform":"CT_CSS_SKIP_RULE","text-decoration":"CT_CSS_SKIP_RULE"},"pageExcerptColor":{"default":{"color":"CT_CSS_SKIP_RULEDEFAULT"}},"breadcrumbsFont":{"family":"Default","variation":"Default","size":"CT_CSS_SKIP_RULE","line-height":"CT_CSS_SKIP_RULE","letter-spacing":"CT_CSS_SKIP_RULE","text-transform":"CT_CSS_SKIP_RULE","text-decoration":"CT_CSS_SKIP_RULE"},"breadcrumbsFontColor":{"default":{"color":"CT_CSS_SKIP_RULEDEFAULT"},"initial":{"color":"CT_CSS_SKIP_RULEDEFAULT"},"hover":{"color":"CT_CSS_SKIP_RULEDEFAULT"}},"pageTitleOverlay":{"background_type":"color","background_pattern":"type-1","background_image":{"attachment_id":null,"x":0,"y":0},"gradient":"linear-gradient(135deg,rgba(6,147,227,1) 0%,rgb(155,81,224) 100%)","background_repeat":"repeat","background_size":"auto","background_attachment":"scroll","patternColor":{"default":{"color":"#e5e7ea"}},"overlayColor":{"default":{"color":"CT_CSS_SKIP_RULE"}},"backgroundColor":{"default":{"color":"CT_CSS_SKIP_RULE"}}},"pageTitleBackground":{"background_type":"color","background_pattern":"type-1","background_image":{"attachment_id":null,"x":0,"y":0},"gradient":"linear-gradient(135deg,rgba(6,147,227,1) 0%,rgb(155,81,224) 100%)","background_repeat":"repeat","background_size":"auto","background_attachment":"scroll","patternColor":{"default":{"color":"#e5e7ea"}},"overlayColor":{"default":{"color":"CT_CSS_SKIP_RULE"}},"backgroundColor":{"default":{"color":"var(--paletteColor6)"}}},"pageTitlePadding":{"top":"50px","bottom":"50px","left":"auto","right":"auto","linked":true},"5dc2111e42abc85b31cc6ff658b9200b":"","page_structure_type":"type-3","0f3d19d9c4cc5a738c81bf0d098361c4":"","content_style_source":"inherit","content_style":"wide","vertical_spacing_source":"custom","content_area_spacing":"none","background":{"background_type":"color","background_pattern":"type-1","background_image":{"attachment_id":null,"x":0,"y":0},"gradient":"linear-gradient(135deg,rgba(6,147,227,1) 0%,rgb(155,81,224) 100%)","background_repeat":"repeat","background_size":"auto","background_attachment":"scroll","patternColor":{"default":{"color":"#e5e7ea"}},"overlayColor":{"default":{"color":"CT_CSS_SKIP_RULE"}},"backgroundColor":{"default":{"color":"CT_CSS_SKIP_RULE"}}},"content_background":{"background_type":"color","background_pattern":"type-1","background_image":{"attachment_id":null,"x":0,"y":0},"gradient":"linear-gradient(135deg,rgba(6,147,227,1) 0%,rgb(155,81,224) 100%)","background_repeat":"repeat","background_size":"auto","background_attachment":"scroll","patternColor":{"default":{"color":"#e5e7ea"}},"overlayColor":{"default":{"color":"CT_CSS_SKIP_RULE"}},"backgroundColor":{"default":{"color":"var(--paletteColor8)"}}},"content_boxed_shadow":{"inherit":false,"blur":18,"spread":-6,"v_offset":12,"h_offset":0,"inset":false,"enable":true,"color":{"color":"rgba(34, 56, 101, 0.04)"}},"boxed_content_spacing":{"desktop":{"top":"40px","bottom":"40px","left":"40px","right":"40px","linked":true},"tablet":{"top":"35px","bottom":"35px","left":"35px","right":"35px","linked":true},"mobile":{"top":"20px","bottom":"20px","left":"20px","right":"20px","linked":true}},"content_boxed_radius":{"top":"3px","bottom":"3px","left":"3px","right":"3px","linked":true},"816a8241e2c5a11f600f97dca59d7cca":"","disable_featured_image":"no","disable_share_box":"no","disable_header":"no","disable_footer":"no","styles_descriptor":{"styles":{"desktop":"","tablet":"","mobile":""},"google_fonts":[],"version":5}},"_links":{"self":[{"href":"https:\/\/www.agentiaimpreuna.ro\/invatamant-universitar-incluziv\/wp-json\/wp\/v2\/pages\/841","targetHints":{"allow":["GET"]}}],"collection":[{"href":"https:\/\/www.agentiaimpreuna.ro\/invatamant-universitar-incluziv\/wp-json\/wp\/v2\/pages"}],"about":[{"href":"https:\/\/www.agentiaimpreuna.ro\/invatamant-universitar-incluziv\/wp-json\/wp\/v2\/types\/page"}],"author":[{"embeddable":true,"href":"https:\/\/www.agentiaimpreuna.ro\/invatamant-universitar-incluziv\/wp-json\/wp\/v2\/users\/1"}],"replies":[{"embeddable":true,"href":"https:\/\/www.agentiaimpreuna.ro\/invatamant-universitar-incluziv\/wp-json\/wp\/v2\/comments?post=841"}],"version-history":[{"count":8,"href":"https:\/\/www.agentiaimpreuna.ro\/invatamant-universitar-incluziv\/wp-json\/wp\/v2\/pages\/841\/revisions"}],"predecessor-version":[{"id":913,"href":"https:\/\/www.agentiaimpreuna.ro\/invatamant-universitar-incluziv\/wp-json\/wp\/v2\/pages\/841\/revisions\/913"}],"wp:attachment":[{"href":"https:\/\/www.agentiaimpreuna.ro\/invatamant-universitar-incluziv\/wp-json\/wp\/v2\/media?parent=841"}],"curies":[{"name":"wp","href":"https:\/\/api.w.org\/{rel}","templated":true}]}}

Plan cadru de reformă pentru reducerea decalajelor dintre romi și neromi la nivel universitar

<div class="wp-block-stackable-columns alignfull stk-block-columns stk-block stk-52f0d10 stk-block-background stk--has-background-overlay" data-block-id="52f0d10"><style>.stk-52f0d10{background-color:#0a0806 !important;background-image:url(https://www.agentiaimpreuna.ro/invatamant-universitar-incluziv/wp-content/uploads/2022/04/Plan-cadru-de-reforma-pentru-reducerea-decalajelor-dintre-romi-si-neromi-la-nivel-universitar-scaled.jpg) !important;background-position:center right !important}.stk-52f0d10:before{background-color:#0a0806 !important;opacity:0.7 !important}.stk-52f0d10{padding-top:200px !important;padding-bottom:150px !important;margin-bottom:0px !important}@media screen and (max-width:999px){.stk-52f0d10{padding-top:200px !important;padding-bottom:150px !important}}</style><div class="stk-row stk-inner-blocks stk-block-content stk-content-align stk-52f0d10-column alignwide">
<div class="wp-block-stackable-column stk-block-column stk-column stk-block stk-76c1e59" data-block-id="76c1e59"><div class="stk-column-wrapper stk-block-column__content stk-container stk-76c1e59-container stk--no-background stk--no-padding"><div class="stk-block-content stk-inner-blocks">
<div class="wp-block-stackable-heading stk-block-heading stk-block stk-afeea05" id="plan-cadru-de-reforma-pentru-reducerea-decalajelor-dintre-romi-și-neromi-la-nivel-universitar" data-block-id="afeea05"><style>.stk-afeea05{margin-bottom:15px !important}.stk-afeea05 .stk-block-heading__text{font-size:50px !important;color:var(--paletteColor8,#ffffff) !important}@media screen and (max-width:999px){.stk-afeea05 .stk-block-heading__text{font-size:35px !important}}</style><h2 class="stk-block-heading__text has-text-color has-palette-color-8-color has-text-align-center">Plan cadru de reformă pentru reducerea decalajelor dintre romi și neromi la nivel universitar</h2></div>
</div></div></div>
</div></div>



<div class="wp-block-stackable-spacer stk-block-spacer stk--no-padding stk-block stk-bccd798" data-block-id="bccd798"><style>.stk-bccd798{height:50px !important}@media screen and (max-width:999px){.stk-bccd798{height:70px !important}}</style></div>



<p>Se va realiza un plan cadru de reformă pentru îmbunătățirea accesului romilor în învățământul universitar și reducerea decalajelor, pornind de la concluziile studiului de evaluare a măsurii afirmative.</p>



<p>Acesta va conține recomandări specifice pentru îmbunătățirea eficienței măsurii de alocare a locurilor pentru romi, dar și măsuri complementare de sprijin a incluziunii romilor.</p>



<p>Măsurile complementare vor viza trei grupuri țintă:</p>



<ul class="wp-block-list"><li><strong>studenți romi</strong> – activități extracurriculare de creștere a stimei de sine și a abilităților de participare, activități formale de promovare, interculturalitate;</li><li><strong>studenți neromi</strong> – activități formale/ cursuri opționale de promovare a diversității și interculturalității;</li><li><strong>cadre didactice</strong> – îmbunătățirea formării pe teme ce țin de incluziune, interculturalitate ori diversitate.</li></ul>



<p>Măsurile complementare de sprijinire a incluziunii romilor la nivel universitar vor fi consultate cu cei 500 de studenții care aparțin grupurilor vulnerabile. Consultarea se va realiza prin intermediul unor platforme online (spre exemplu, Google Forms) – discuții, dezbateri, feedback pe materiale propuse de către experți.</p>



<p>Pe baza feedback-ului primit în urma consultărilor cu cei 500 de studenți, se va realiza un raport, iar documentele și propunerile vor fi modificate în acord cu feedback-ul venit din partea studenților.</p>



<figure class="wp-block-video"><video height="788" style="aspect-ratio: 940 / 788;" width="940" controls poster="https://www.agentiaimpreuna.ro/invatamant-universitar-incluziv/wp-content/uploads/2022/04/poster_image_Plan-cadru-de-reforma.png" src="https://www.agentiaimpreuna.ro/invatamant-universitar-incluziv/wp-content/uploads/2022/04/2.-Plan-cadru-de-reformă-pentru-reducerea-decalajelor-dintre-romi-și-neromi-la-nivel-universitar.mp4"></video></figure>



<div class="wp-block-stackable-spacer stk-block-spacer stk--no-padding stk-block stk-0f69dbf" data-block-id="0f69dbf"><style>.stk-0f69dbf{height:50px !important}@media screen and (max-width:999px){.stk-0f69dbf{height:70px !important}}</style></div>

<p>Plan cadru de reformă pentru reducerea decalajelor dintre romi și neromi la nivel universitar Se va realiza un plan cadru de reformă pentru îmbunătățirea accesului romilor în învățământul universitar și reducerea decalajelor, pornind de la concluziile studiului de evaluare a măsurii afirmative. Acesta va conține recomandări specifice pentru îmbunătățirea eficienței măsurii de alocare a locurilor pentru romi, dar și măsuri complementare de sprijin a incluziunii romilor. Măsurile complementare vor viza trei grupuri țintă: studenți romi – activități extracurriculare de creștere a stimei de sine și a abilităților de participare, activități formale de promovare, interculturalitate; studenți neromi – activități formale/ cursuri…</p>
