{"id":982,"date":"2022-09-06T06:22:45","date_gmt":"2022-09-06T06:22:45","guid":{"rendered":"https:\/\/www.agentiaimpreuna.ro\/cunoasterea-romului-de-langa-noi\/?page_id=982"},"modified":"2023-01-25T11:38:14","modified_gmt":"2023-01-25T11:38:14","slug":"activitati-de-diseminare","status":"publish","type":"page","link":"https:\/\/www.agentiaimpreuna.ro\/cunoasterea-romului-de-langa-noi\/activitati-de-diseminare\/","title":{"rendered":"Activit\u0103\u021bi de diseminare"},"content":{"rendered":"\n<p><strong>UPDATE:<\/strong><\/p>\n\n\n\n<p>\u00cen toamna lui 2022, am lansat un formular online, <a href=\"https:\/\/docs.google.com\/forms\/d\/e\/1FAIpQLSdf-c3cQ6o2N1P3UqRKren4itbIpaV0PfQYQnfhux2nTQG3CQ\/viewform?fbclid=IwAR1FXH-n394Z0z0YhtT_oznvIY06JmJ-cRf7iy3CVm_iCYKvMmdStoaylAU\">Ambasadorii incluziunii<\/a>, prin intermediul c\u0103ruia invitam elevi din 10 jude\u021be ale Rom\u00e2niei s\u0103 participe la un workshop care s\u0103 ne \u00eenve\u021be s\u0103 fim mai incluzivi cu cei de l\u00e2ng\u0103 noi, s\u0103 le cunoa\u0219tem pove\u0219tile, s\u0103 vedem dincolo de etichete \u0219i s\u0103 \u00eei apreciem pe cei diferi\u021bi (de noi) pentru ceea ce sunt.<\/p>\n\n\n\n<p>\u00cen noiembrie am organizat primul astfel de workshop de formare, \u00een Bac\u0103u. Cu ajutorul exerci\u021biilor de storytelling \u0219i teatru, am\u00a0ajuns s\u0103 vorbim despre identitate, despre buc\u0103\u021bile din noi pe care ne dorim s\u0103 le ascundem cel mai mult \u0219i despre cele mai mari frici ale noastre. Dincolo de asta, am povestit, prin intermediul paginilor ghidului de supravie\u021buire printre stereotipuri \u0219i prejudec\u0103\u021bi, pe care urmeaz\u0103 s\u0103-l scoatem c\u00e2t de cur\u00e2nd \u00een lume (\u0219i \u00een \u0219coli), despre marginalizare, discriminare \u0219i pa\u0219ii mici pe care \u00eei putem face pentru a-i cunoa\u0219te pe ceilal\u021bi.<\/p>\n\n\n\n<p>Urmeaz\u0103 alte nou\u0103 \u00eent\u00e2lniri cu elevii, iar odat\u0103 cu asta, fiecare dintre participan\u021bi va trebui s\u0103 organizeze (la clas\u0103, cu ajutorul unui cadru didactic) un mic atelier cu colegii, pentru a da mai departe lucrurile \u00eenv\u0103\u021bate \u0219i a contribui \u00een a face lumea pu\u021bin mai bl\u00e2nd\u0103 \u0219i mai\u2026 incluziv\u0103.<\/p>\n\n\n\n<p><\/p>\n\n\n\n<p>***<\/p>\n\n\n\n<p><\/p>\n\n\n\n<p><strong>Realizarea activit\u0103\u021bilor de diseminare a diversit\u0103\u021bii<\/strong><\/p>\n\n\n\n<div class=\"wp-block-stackable-image stk-block-image stk-block stk-e22bb58\" data-block-id=\"e22bb58\"><style>.stk-e22bb58 .stk-img-wrapper{filter:drop-shadow(0px 2px 20px rgba(153,153,153,0.2)) !important}<\/style><figure class=\"stk-img-wrapper stk-image--shape-stretch stk--shadow-0px 2px 20px rgba(153, 153, 153, 0.2)\"><img loading=\"lazy\" decoding=\"async\" class=\"stk-img wp-image-1046\" src=\"https:\/\/www.agentiaimpreuna.ro\/cunoasterea-romului-de-langa-noi\/wp-content\/uploads\/2022\/09\/5.-Realizarea-activitatilor-de-diseminare-a-diversitatii.png\" width=\"940\" height=\"788\" alt=\"5. Realizarea activitatilor de diseminare a diversitatii\" srcset=\"https:\/\/www.agentiaimpreuna.ro\/cunoasterea-romului-de-langa-noi\/wp-content\/uploads\/2022\/09\/5.-Realizarea-activitatilor-de-diseminare-a-diversitatii.png 940w, https:\/\/www.agentiaimpreuna.ro\/cunoasterea-romului-de-langa-noi\/wp-content\/uploads\/2022\/09\/5.-Realizarea-activitatilor-de-diseminare-a-diversitatii-300x251.png 300w, https:\/\/www.agentiaimpreuna.ro\/cunoasterea-romului-de-langa-noi\/wp-content\/uploads\/2022\/09\/5.-Realizarea-activitatilor-de-diseminare-a-diversitatii-768x644.png 768w\" sizes=\"auto, (max-width: 940px) 100vw, 940px\" \/><\/figure><\/div>\n\n\n\n<p>\u00cen func\u021bie de perioada efectiv\u0103 de implementare a activit\u0103\u021bii, se va avea \u00een vedere celebrarea anumitor date, precum: 20 Februarie (Ziua Dezrobirii), 8 Aprilie (Ziua Interna\u021bional\u0103 a romilor), 21 mai (Ziua Mondial\u0103 pentru diversitate Cultural\u0103). De asemenea, pentru o desf\u0103\u0219urare \u00een condi\u021bii optime a acestei activit\u0103\u021bi, elevii vor fi sprijini\u021bi de cadrele didactice, iar orele se vor desf\u0103\u0219ura \u00een timpul S\u0103pt\u0103m\u00e2nii Altfel, orelor de consiliere \u0219i orientare profesional\u0103, educa\u021bie social\u0103 ori istorie.<\/p>\n\n\n\n<p>La \u00eenceputul \u0219i finalul activit\u0103\u021bii se va utiliza aplica\u021bia Mentimeter pentru a culege informa\u021bii cu privire la modul \u00een care colegii au perceput activitatea. Aceste informa\u021bii vor fi integrate \u00een raportul de activitate pe care \u00eel va realiza fiecare t\u00e2n\u0103r.<\/p>\n","protected":false},"excerpt":{"rendered":"<p>UPDATE: \u00cen toamna lui 2022, am lansat un formular online, Ambasadorii incluziunii, prin intermediul c\u0103ruia invitam elevi din 10 jude\u021be ale Rom\u00e2niei s\u0103 participe la un workshop care s\u0103 ne \u00eenve\u021be s\u0103 fim mai incluzivi cu cei de l\u00e2ng\u0103 noi, s\u0103 le cunoa\u0219tem pove\u0219tile, s\u0103 vedem dincolo de etichete \u0219i s\u0103 \u00eei apreciem pe cei [&hellip;]<\/p>\n","protected":false},"author":1,"featured_media":1109,"parent":0,"menu_order":0,"comment_status":"closed","ping_status":"closed","template":"","meta":{"footnotes":""},"class_list":["post-982","page","type-page","status-publish","has-post-thumbnail","hentry"],"blocksy_meta":{"styles_descriptor":{"styles":{"desktop":"","tablet":"","mobile":""},"google_fonts":[],"version":6},"page_title_panel":"","has_hero_section":"default","0ef05ada09065617b1b2e91984797275":"","hero_section":"type-1","hero_elements":[{"id":"custom_title","enabled":true,"heading_tag":"h1","title":"Home"},{"id":"custom_description","enabled":true,"description_visibility":{"desktop":true,"tablet":true,"mobile":false}},{"id":"custom_meta","enabled":false,"meta_elements":[{"id":"author","enabled":true,"label":"By","has_author_avatar":"yes","avatar_size":25},{"id":"post_date","enabled":true,"label":"On","date_format_source":"default","date_format":"M j, Y"},{"id":"updated_date","enabled":false,"label":"On","date_format_source":"default","date_format":"M j, Y"},{"id":"categories","enabled":false,"label":"In","style":"simple"},{"id":"comments","enabled":true}],"page_meta_elements":{"joined":true,"articles_count":true,"comments":true}},{"id":"breadcrumbs","enabled":false}],"ee767393e83f4272f84169163539cb34":"","hero_alignment1":"CT_CSS_SKIP_RULE","hero_margin":40,"hero_alignment2":"center","hero_vertical_alignment":"center","4b405dcd37a1d59ee11ab7b66bddf864":"","hero_structure":"narrow","f4015ed64310247ef29fb1b329f4a57e":"","page_title_bg_type":"featured_image","custom_hero_background":{"attachment_id":null},"page_title_image_size":"full","parallax":{"desktop":false,"tablet":false,"mobile":false},"3be3f1c56f74cde558946fbbb33e560f":"","hero_height":"250px","pageTitleFont":{"family":"Default","variation":"Default","size":"30px","line-height":"CT_CSS_SKIP_RULE","letter-spacing":"CT_CSS_SKIP_RULE","text-transform":"CT_CSS_SKIP_RULE","text-decoration":"CT_CSS_SKIP_RULE"},"pageTitleFontColor":{"default":{"color":"CT_CSS_SKIP_RULEDEFAULT"}},"pageMetaFont":{"family":"Default","variation":"n6","size":"12px","line-height":"1.3","letter-spacing":"CT_CSS_SKIP_RULE","text-transform":"uppercase","text-decoration":"CT_CSS_SKIP_RULE"},"pageMetaFontColor":{"default":{"color":"CT_CSS_SKIP_RULEDEFAULT"},"hover":{"color":"CT_CSS_SKIP_RULEDEFAULT"}},"page_meta_button_type_font_colors":{"default":{"color":"CT_CSS_SKIP_RULEDEFAULT"},"hover":{"color":"CT_CSS_SKIP_RULEDEFAULT"}},"page_meta_button_type_background_colors":{"default":{"color":"CT_CSS_SKIP_RULEDEFAULT"},"hover":{"color":"CT_CSS_SKIP_RULEDEFAULT"}},"pageExcerptFont":{"family":"Default","variation":"Default","size":"CT_CSS_SKIP_RULE","line-height":"CT_CSS_SKIP_RULE","letter-spacing":"CT_CSS_SKIP_RULE","text-transform":"CT_CSS_SKIP_RULE","text-decoration":"CT_CSS_SKIP_RULE"},"pageExcerptColor":{"default":{"color":"CT_CSS_SKIP_RULEDEFAULT"}},"breadcrumbsFont":{"family":"Default","variation":"Default","size":"CT_CSS_SKIP_RULE","line-height":"CT_CSS_SKIP_RULE","letter-spacing":"CT_CSS_SKIP_RULE","text-transform":"CT_CSS_SKIP_RULE","text-decoration":"CT_CSS_SKIP_RULE"},"breadcrumbsFontColor":{"default":{"color":"CT_CSS_SKIP_RULEDEFAULT"},"initial":{"color":"CT_CSS_SKIP_RULEDEFAULT"},"hover":{"color":"CT_CSS_SKIP_RULEDEFAULT"}},"pageTitleOverlay":{"background_type":"color","background_pattern":"type-1","background_image":{"attachment_id":null,"x":0,"y":0},"gradient":"linear-gradient(135deg,rgba(6,147,227,1) 0%,rgb(155,81,224) 100%)","background_repeat":"repeat","background_size":"auto","background_attachment":"scroll","patternColor":{"default":{"color":"#e5e7ea"}},"overlayColor":{"default":{"color":"CT_CSS_SKIP_RULE"}},"backgroundColor":{"default":{"color":"CT_CSS_SKIP_RULE"}}},"pageTitleBackground":{"background_type":"color","background_pattern":"type-1","background_image":{"attachment_id":null,"x":0,"y":0},"gradient":"linear-gradient(135deg,rgba(6,147,227,1) 0%,rgb(155,81,224) 100%)","background_repeat":"repeat","background_size":"auto","background_attachment":"scroll","patternColor":{"default":{"color":"#e5e7ea"}},"overlayColor":{"default":{"color":"CT_CSS_SKIP_RULE"}},"backgroundColor":{"default":{"color":"var(--theme-palette-color-6)"}}},"pageTitlePadding":{"top":"50px","bottom":"50px","left":"auto","right":"auto","linked":true},"303df2127020c61d13a0f5a734a238c0":"","page_structure_type":"type-3","5b53876accfa1a09b159a6fc672819d7":"","content_style_source":"inherit","content_style":"wide","vertical_spacing_source":"custom","content_area_spacing":"both","background":{"background_type":"color","background_pattern":"type-1","background_image":{"attachment_id":null,"x":0,"y":0},"gradient":"linear-gradient(135deg,rgba(6,147,227,1) 0%,rgb(155,81,224) 100%)","background_repeat":"repeat","background_size":"auto","background_attachment":"scroll","patternColor":{"default":{"color":"#e5e7ea"}},"overlayColor":{"default":{"color":"CT_CSS_SKIP_RULE"}},"backgroundColor":{"default":{"color":"CT_CSS_SKIP_RULE"}}},"content_background":{"background_type":"color","background_pattern":"type-1","background_image":{"attachment_id":null,"x":0,"y":0},"gradient":"linear-gradient(135deg,rgba(6,147,227,1) 0%,rgb(155,81,224) 100%)","background_repeat":"repeat","background_size":"auto","background_attachment":"scroll","patternColor":{"default":{"color":"#e5e7ea"}},"overlayColor":{"default":{"color":"CT_CSS_SKIP_RULE"}},"backgroundColor":{"default":{"color":"var(--theme-palette-color-8)"}}},"content_boxed_shadow":{"inherit":false,"blur":18,"spread":-6,"v_offset":12,"h_offset":0,"inset":false,"enable":true,"color":{"color":"rgba(34, 56, 101, 0.04)"}},"content_boxed_border":{"width":1,"style":"none","color":{"color":"rgba(44,62,80,0.2)"}},"content_boxed_radius":{"top":"3px","bottom":"3px","left":"3px","right":"3px","linked":true},"boxed_content_spacing":{"desktop":{"top":"40px","bottom":"40px","left":"40px","right":"40px","linked":true},"tablet":{"top":"35px","bottom":"35px","left":"35px","right":"35px","linked":true},"mobile":{"top":"20px","bottom":"20px","left":"20px","right":"20px","linked":true}},"18f7a18d0b7d1a4d6180762d825db033":"","disable_featured_image":"no","disable_share_box":"no","disable_header":"no","disable_footer":"no"},"featured_image_urls":{"full":["https:\/\/www.agentiaimpreuna.ro\/cunoasterea-romului-de-langa-noi\/wp-content\/uploads\/2022\/09\/scott-graham-5fNmWej4tAA-unsplash-scaled.jpg",2560,1709,false],"thumbnail":["https:\/\/www.agentiaimpreuna.ro\/cunoasterea-romului-de-langa-noi\/wp-content\/uploads\/2022\/09\/scott-graham-5fNmWej4tAA-unsplash-150x150.jpg",150,150,true],"medium":["https:\/\/www.agentiaimpreuna.ro\/cunoasterea-romului-de-langa-noi\/wp-content\/uploads\/2022\/09\/scott-graham-5fNmWej4tAA-unsplash-300x200.jpg",300,200,true],"medium_large":["https:\/\/www.agentiaimpreuna.ro\/cunoasterea-romului-de-langa-noi\/wp-content\/uploads\/2022\/09\/scott-graham-5fNmWej4tAA-unsplash-768x513.jpg",768,513,true],"large":["https:\/\/www.agentiaimpreuna.ro\/cunoasterea-romului-de-langa-noi\/wp-content\/uploads\/2022\/09\/scott-graham-5fNmWej4tAA-unsplash-1024x683.jpg",1024,683,true],"1536x1536":["https:\/\/www.agentiaimpreuna.ro\/cunoasterea-romului-de-langa-noi\/wp-content\/uploads\/2022\/09\/scott-graham-5fNmWej4tAA-unsplash-1536x1025.jpg",1536,1025,true],"2048x2048":["https:\/\/www.agentiaimpreuna.ro\/cunoasterea-romului-de-langa-noi\/wp-content\/uploads\/2022\/09\/scott-graham-5fNmWej4tAA-unsplash-2048x1367.jpg",2048,1367,true]},"post_excerpt_stackable":"<p>UPDATE: \u00cen toamna lui 2022, am lansat un formular online, Ambasadorii incluziunii, prin intermediul c\u0103ruia invitam elevi din 10 jude\u021be ale Rom\u00e2niei s\u0103 participe la un workshop care s\u0103 ne \u00eenve\u021be s\u0103 fim mai incluzivi cu cei de l\u00e2ng\u0103 noi, s\u0103 le cunoa\u0219tem pove\u0219tile, s\u0103 vedem dincolo de etichete \u0219i s\u0103 \u00eei apreciem pe cei diferi\u021bi (de noi) pentru ceea ce sunt. \u00cen noiembrie am organizat primul astfel de workshop de formare, \u00een Bac\u0103u. Cu ajutorul exerci\u021biilor de storytelling \u0219i teatru, am\u00a0ajuns s\u0103 vorbim despre identitate, despre buc\u0103\u021bile din noi pe care ne dorim s\u0103 le ascundem cel mai mult&hellip;<\/p>\n","category_list":"","author_info":{"name":"modest-bhabha","url":"https:\/\/www.agentiaimpreuna.ro\/cunoasterea-romului-de-langa-noi\/author\/modest-bhabha\/"},"comments_num":"0 comments","_links":{"self":[{"href":"https:\/\/www.agentiaimpreuna.ro\/cunoasterea-romului-de-langa-noi\/wp-json\/wp\/v2\/pages\/982","targetHints":{"allow":["GET"]}}],"collection":[{"href":"https:\/\/www.agentiaimpreuna.ro\/cunoasterea-romului-de-langa-noi\/wp-json\/wp\/v2\/pages"}],"about":[{"href":"https:\/\/www.agentiaimpreuna.ro\/cunoasterea-romului-de-langa-noi\/wp-json\/wp\/v2\/types\/page"}],"author":[{"embeddable":true,"href":"https:\/\/www.agentiaimpreuna.ro\/cunoasterea-romului-de-langa-noi\/wp-json\/wp\/v2\/users\/1"}],"replies":[{"embeddable":true,"href":"https:\/\/www.agentiaimpreuna.ro\/cunoasterea-romului-de-langa-noi\/wp-json\/wp\/v2\/comments?post=982"}],"version-history":[{"count":4,"href":"https:\/\/www.agentiaimpreuna.ro\/cunoasterea-romului-de-langa-noi\/wp-json\/wp\/v2\/pages\/982\/revisions"}],"predecessor-version":[{"id":1386,"href":"https:\/\/www.agentiaimpreuna.ro\/cunoasterea-romului-de-langa-noi\/wp-json\/wp\/v2\/pages\/982\/revisions\/1386"}],"wp:featuredmedia":[{"embeddable":true,"href":"https:\/\/www.agentiaimpreuna.ro\/cunoasterea-romului-de-langa-noi\/wp-json\/wp\/v2\/media\/1109"}],"wp:attachment":[{"href":"https:\/\/www.agentiaimpreuna.ro\/cunoasterea-romului-de-langa-noi\/wp-json\/wp\/v2\/media?parent=982"}],"curies":[{"name":"wp","href":"https:\/\/api.w.org\/{rel}","templated":true}]}}